n base 2?
-110111
What is -727 (base 11) in base 6?
-4020
What is -a674 (base 14) in base 12?
-14752
-e1 (base 16) to base 11
-195
Convert 7305 (base 13) to base 12.
9243
What is -453 (base 8) in base 15?
-14e
226 (base 14) to base 15
1d6
What is 113461 (base 9) in base 13?
25054
What is -330 (base 4) in base 9?
-66
What is 111010010 (base 2) in base 15?
211
Convert -9343 (base 16) to base 13.
-1420c
What is 2582 (base 15) in base 3?
101222012
Convert d69 (base 15) to base 11.
22aa
What is -212 (base 14) in base 10?
-408
What is 475 (base 12) in base 4?
22121
Convert 335 (base 6) to base 14.
95
-11222 (base 6) to base 3
-2012012
-53761 (base 8) to base 15
-6a0d
What is -67402 (base 9) in base 10?
-44795
67b (base 12) to base 16
3bf
What is -1412 (base 7) in base 12?
-398
What is 1476 (base 10) in base 16?
5c4
144411 (base 6) to base 12
8107
10111111111001 (base 2) to base 16
2ff9
10110110101011 (base 2) to base 13
5424
Convert 1354 (base 7) to base 14.
29b
What is -7036 (base 14) in base 15?
-5a8b
246d (base 14) to base 13
2b8c
Convert 21022212 (base 3) to base 4.
1103132
What is -111022 (base 3) in base 5?
-2414
Convert 25 (base 9) to base 6.
35
36624 (base 8) to base 12
9158
-754 (base 8) to base 6
-2140
Convert -aa4 (base 12) to base 15.
-6e4
Convert -b79 (base 13) to base 7.
-5466
Convert -3324 (base 6) to base 13.
-475
What is -1001100111 (base 2) in base 14?
-31d
131630 (base 7) to base 15
7498
1110 (base 7) to base 15
1b9
What is 7438 (base 15) in base 8?
60002
1b01 (base 16) to base 12
4001
Convert -23d (base 15) to base 8.
-774
5a (base 15) to base 16
55
Convert 11221222 (base 3) to base 7.
13355
211111102 (base 3) to base 9
24442
-358 (base 10) to base 14
-1b8
-3345 (base 10) to base 8
-6421
What is 34033 (base 6) in base 3?
20112210
Convert -1ac6 (base 14) to base 6.
-34330
What is 426 (base 10) in base 4?
12222
Convert -1c6 (base 15) to base 6.
-1523
561 (base 9) to base 10
460
Convert -2235 (base 9) to base 11.
-1272
Convert -510 (base 12) to base 2.
-1011011100
What is 733 (base 11) in base 6?
4031
What is 18 (base 16) in base 13?
1b
Convert -34463 (base 7) to base 12.
-5128
-48039 (base 10) to base 13
-18b34
What is -1515 (base 7) in base 9?
-736
Convert 353 (base 9) to base 6.
1203
Convert 11aa (base 14) to base 4.
300102
-13872 (base 12) to base 10
-27158
What is -64 (base 11) in base 8?
-106
What is 502 (base 16) in base 5?
20112
Convert 1132 (base 6) to base 8.
420
What is 360530 (base 7) in base 13?
23822
Convert -24a80 (base 12) to base 15.
-ebd0
-4005 (base 15) to base 2
-11010011000001
What is 223 (base 6) in base 13?
69
What is -211430 (base 6) in base 13?
-7ac1
What is -320 (base 5) in base 3?
-10011
-230212 (base 4) to base 11
-2165
What is -413 (base 16) in base 3?
-1102122
What is -491 (base 14) in base 5?
-12121
Convert -8017 (base 11) to base 13.
-4b16
-13042 (base 5) to base 8
-1776
What is 4100 (base 5) in base 7?
1350
Convert 40043 (base 9) to base 13.
bc6a
-2001220 (base 3) to base 8
-2745
Convert 621 (base 8) to base 7.
1112
-19e7 (base 15) to base 8
-12761
Convert 566 (base 9) to base 14.
253
What is -2426 (base 10) in base 6?
-15122
122102 (base 5) to base 15
15a2
Convert 13023 (base 4) to base 13.
294
What is -4065 (base 8) in base 14?
-aa1
What is 474 (base 13) in base 10?
771
-53 (base 11) to base 7
-112
-3774 (base 10) to base 2
-111010111110
What is 220210 (base 3) in base 14?
35b
What is 817 (base 12) in base 6?
5231
Convert 3970 (base 10) to base 6.
30214
Convert 26c (base 16) to base 12.
438
What is -1651 (base 11) in base 9?
-2807
-2342 (base 11) to base 13
-1523
-101010000001 (base 2) to base 4
-222001
What is 40862 (base 9) in base 15?
7eb8
Convert -2641 (base 7) to base 14.
-521
Convert 1244111 (base 5) to base 14.
9110
Convert 1110111000011 (base 2) to base 5.
220434
Convert -2504 (base 9) to base 2.
-11101001011
-1667 (base 10) to base 3
-2021202
2412 (base 7) to base 8
1573
Convert 100a (base 11) to base 2.
10100111101
What is 45646 (base 7) in base 15?
36b7
-5cb (base 15) to base 7
-3560
What is -25554 (base 6) in base 12?
-22ba
Convert 16926 (base 16) to base 4.
112210212
What is -721 (base 14) in base 10?
-1401
Convert -12112 (base 5) to base 7.
-2434
-3303 (base 5) to base 14
-245
What is -21885 (base 11) in base 10?
-31674
What is -2311 (base 11) in base 14?
-116d
Convert 101011000010101 (base 2) to base 4.
11120111
Convert -1012 (base 8) to base 7.
-1344
21220122 (base 3) to base 9
7818
750 (base 8) to base 10
488
-918 (base 13) to base 11
-1182
What is -1c97 (base 16) in base 15?
-227e
5633 (base 7) to base 8
3761
-207 (base 12) to base 9
-357
Convert 848 (base 11) to base 3.
1101210
Convert 33011 (base 5) to base 3.
10002120
10122002 (base 3) to base 11
1a98
6217 (base 8) to base 5
100330
212104 (base 5) to base 2
1101111110010
10645 (base 11) to base 12
8b08
3410 (base 9) to base 11
1991
What is 2b3 (base 16) in base 3?
221121
-6b9 (base 15) to base 14
-7ac
-4316 (base 12) to base 6
-54030
-563 (base 8) to base 15
-19b
Convert 1b6 (base 15) to base 13.
246
Convert 22121110 (base 3) to base 7.
24204
Convert -6caf (base 16) to base 9.
-42144
Convert 34131 (base 5) to base 3.
10022111
What is -3cb (base 15) in base 3?
-1012002
Convert 2da7 (base 16) to base 10.
11687
What is -2701 (base 13) in base 4?
-1113022
What is -303 (base 10) in base 2?
-100101111
Convert 11010111110001 (base 2) to base 4.
3113301
What is -1101101101 (base 2) in base 13?
-526
Convert -34559 (base 11) to base 12.
-24a78
Convert -e89 (base 16) to base 7.
-13564
Convert -606a (base 14) to base 2.
-100000010101110
What is -8b (base 16) in base 15?
-94
Convert -2887 (base 10) to base 16.
-b47
-1002 (base 3) to base 2
-11101
32123 (base 8) to base 4
3101103
Convert 11011111 (base 2) to base 11.
193
14cc (base 15) to base 14
18b1
Convert 13213032 (base 4) to base 3.
1120202220
Convert -236211 (base 8) to base 5.
-10043113
-2308 (base 9) to base 10
-1709
-1ac (base 13) to base 5
-2221
1211200 (base 3) to base 4
110331
-3471 (base 8) to base 10
-1849
What is 450 (base 6) in base 9?
213
Convert 101012100 (base 3) to base 9.
11170
570 (base 13) to base 9
1250
Convert -131333 (base 4) to base 2.
-11101111111
What is -1001001011001 (base 2) in base 15?
-15d2
2220022 (base 3) to base 13
c68
1000001010 (base 2) to base 9
640
42236 (base 10) to base 7
234065
Convert -6b4 (base 14) to base 7.
-3614
What is 9 (base 14) in base 2?
1001
-20210 (base 3) to base 8
-267
-401 (base 12) to base 4
-21001
What is -4312 (base 5) in base 15?
-28c
What is -23313 (base 5) in base 12?
-ba4
What is -5068 (base 9) in base 10?
-3707
What is -101101011010011 (base 2) in base 7?
-124534
-24c (base 14) to base 11
-389
What is 8b0 (base 14) in base 8?
3272
5b4 (base 12) to base 6
3544
What is -30544 (base 8) in base 11?
-9555
What is -32460 (base 7) in base 10?
-8127
-1808 (base 14) to base 11
-3278
What is -2443 (base 5) in base 16?
-175
2a9 (base 11) to base 6
1401
Convert 1115 (base 6) to base 13.
173
What is 9a91 (base 13) in base 6?
243525
What is 11020023 (base 4) in base 10?
21003
244 (base 10) to base 12
184
-1ea (base 16) to base 2
-111101010
Convert -2bc (base 14) to base 3.
-202200
Convert 1002102212 (base 3) to base 4.
11033111
-1010001010100 (base 2) to base 4
-1101110
Convert 3212 (base 4) to base 14.
126
What is 141443 (base 5) in base 4?
1123301
What is -16312 (base 9) in base 12?
-6585
Convert -1883 (base 12) to base 16.
-ba3
Convert -332122 (base 4) to base 14.
-1654
Convert 20d (base 15) to base 2.
111001111
-13061 (base 9) to base 3
-110002001
Convert 96 (base 11) to base 5.
410
Convert -20401 (base 11) to base 8.
-72107
Convert -231003 (base 4) to base 16.
-b43
What is -83870 (base 9) in base 11?
-38681
-494 (base 13) to base 4
-30131
What is -743 (base 12) in base 15?
-4a9
Convert -714 (base 8) to base 9.
-561
What is 27a9 (base 14) in base 11?
52a2
What is -111311 (base 4) in base 16?
-575
What is -9666 (base 14) in base 12?
-13036
What is -4649 (base 10) in base 7?
-16361
Convert 142010 (base 5) to base 4.
1123320
What is -1401 (base 13) in base 6?
-21150
Convert -32a (base 15) to base 4.
-23023
a1a (base 13) to base 10
1713
b7 (base 14) to base 3
12222
What is -4638 (base 12) in base 2?
-1111010001100
8508 (base 10) to ba